lculate the greatest common divisor of 63 and w.
21
Let z(q) = q**3 + 7*q**2 + 5. Let h be z(-7). Suppose h*u = 3*u + 2. Suppose 4*o + 1 + 13 = -3*c, -15 = 3*o. What is the highest common divisor of c and u?
1
Suppose 91 + 49 = 5*z. What is the greatest common factor of z and 28?
28
Let y be (-9)/(-12) + (-18)/(-8). Let x = y + 2. Suppose x*q - 204 = -69. Calculate the highest common factor of q and 18.
9
Suppose 3*v = 7 + 83. Suppose -4*w = w - v. Calculate the greatest common factor of w and 4.
2
Let q = 38 + -10. Let t(n) = 3*n**2 + n. Let k be t(2). What is the highest common divisor of q and k?
14
Let k be (-156)/(-9) + 8 + (-1)/3. What is the greatest common divisor of 175 and k?
25
Let q = 607 + -360. Calculate the greatest common factor of 38 and q.
19
Let r be (1 - 14) + 2/(-2). Let i = 20 + r. Let x be 32 + i/(-2 + -1). Calculate the greatest common factor of x and 6.
6
Suppose 2*g + 2 = 3*g, 3*g = -4*t + 38. Calculate the greatest common divisor of 16 and t.
8
Let k(b) = b**2 - 7*b - 22. Let u be k(10). Let s(f) = f**3 + 4*f**2 - 6*f - 4. Let o be s(-4). Calculate the highest common divisor of o and u.
4
Let h be (-45)/(12/(-16)*1). Calculate the highest common factor of h and 24.
12
Let z = -11 + 5. Let j be ((-190)/z)/(4/12). Let b be ((-38)/6)/(9/(-27)). Calculate the highest common divisor of b and j.
19
Let x(o) = 13*o**2. Let w be x(1). Let r = w - 4. What is the highest common factor of r and 36?
9
Suppose -2*l = 1 + 163. Let i = l - -145. What is the highest common factor of 9 and i?
9
Suppose -5*h = -0*h - 45. Calculate the greatest common divisor of 1 and h.
1
Let s be (-84)/49*49/(-2). What is the greatest common divisor of 6 and s?
6
Let b(k) = -226*k - 2. Let r be b(-2). Calculate the highest common divisor of 50 and r.
50
Let u = 10 - 6. What is the highest common factor of u and 10?
2
Let t be 48/(-18) + (-2)/6. Let b be 197 - (-3)/9*t. Suppose -a = a - b. What is the highest common factor of 14 and a?
14
Let t(x) = 2*x**2 + x + 2. Let p be t(-6). Suppose -i + 10 = -p. Calculate the highest common factor of i and 13.
13
Let b(a) = -4*a + 1. Let c be b(-7). What is the highest common divisor of c and 29?
29
Suppose 0 = 2*s - 1 - 27. Let d be ((-20)/(-6))/((-6)/(-63)). What is the highest common factor of d and s?
7
Suppose -4 = -2*s + 2*p + 2, 2*p = 4*s - 12. Suppose 0 = -5*k - s*n + 100 + 34, 0 = 4*k - 4*n - 88. What is the greatest common divisor of 5 and k?
5
Suppose 4*a - a = 336. Suppose -a = -4*g - 4*h, 4*h = 3*g + 12 - 96. Suppose -3*d - 21 = -6*d. Calculate the greatest common factor of g and d.
7
Suppose f - 6*f + 40 = 0. Suppose f = -l + 44. Calculate the greatest common factor of 4 and l.
4
Let b(l) be the third derivative of 3*l**5/20 + l**4/24 + l**3/6 + 2*l**2. Let m be b(-1). What is the greatest common factor of m and 81?
9
Let a be (18*(-22)/(-4))/1. Suppose 0 = -l + 2*l. Suppose 20 = 2*g - c, 4*g = -4*c + 28 - l. Calculate the greatest common divisor of g and a.
9
Suppose 0 = 2*j + 36 - 66. What is the greatest common factor of 120 and j?
15
Let z = 50 - 6. What is the highest common divisor of z and 11?
11
Let f = 48 + -28. What is the highest common factor of 180 and f?
20
Let n be (0 - -29) + (-26)/13. Calculate the highest common divisor of n and 18.
9
Let k = -132 - -144. What is the greatest common divisor of 3 and k?
3
Suppose 3*v + 2*v + 4*k = 40, 3*k = -2*v + 23. Suppose 5*g - 45 = m + 2*m, 0 = -m - 5. What is the greatest common factor of g and v?
2
Suppose 3*u - 3 - 36 = 0. What is the highest common factor of u and 26?
13
Let l = 22 - -62. Suppose 3 = -o + l. Calculate the highest common divisor of o and 9.
9
Let b = -106 + 216. What is the highest common divisor of b and 10?
10
Suppose 108 = -2*z + 3*z. Calculate the greatest common factor of 12 and z.
12
Let t be 17 + 0/(2/(-4)*2). Calculate the highest common divisor of t and 136.
17
Let n be (2/2 - -2) + 12. Let l = -6 - -12. Calculate the greatest common factor of n and l.
3
Let z = -10 - -18. Suppose -64 = 4*s - 5*s. Calculate the highest common factor of s and z.
8
Suppose 0*d - 2*d = -40. Let r = 33 + -29. Calculate the greatest common factor of d and r.
4
Let d be (-229)/(-6) - 6/36. Let u = -26 + d. What is the highest common divisor of u and 96?
12
Suppose 8 = 2*p - 0. Suppose 5*x - p*x = 100. Let a(j) = j**2 + j. Let q be a(-5). What is the greatest common divisor of x and q?
20
Let n = -17 + 29. Suppose v - 57 = -2*d + 4*v, -5*d + 160 = -4*v. Calculate the highest common factor of n and d.
12
Let p be (-2)/7 - (-48)/21. Suppose 9 = 5*b - 11. Suppose -g + b = 3*g. What is the greatest common factor of p and g?
1
Suppose -3*u + 2*y - 4 = 2, 5*u = -y - 10. Suppose 5 - 1 = -h. Let w be u/h + (-215)/(-2). What is the highest common divisor of 12 and w?
12
Let s = 65 - 64. What is the greatest common divisor of s and 8?
1
Suppose 0 = 3*n - 79 - 11. Suppose -t - k + 14 = -1, 35 = 3*t + k. What is the highest common divisor of t and n?
10
Let a = 48 - -24. Calculate the greatest common factor of a and 8.
8
Let p be (-723)/(-21) + (-9)/21. Calculate the highest common divisor of 34 and p.
34
Let q(t) = -2*t + 2. Let v be q(4). Let i = 22 + v. What is the highest common factor of i and 4?
4
Let z = 22 - 19. Calculate the greatest common divisor of 15 and z.
3
Let n be 24*18*4/32. What is the highest common divisor of 18 and n?
18
Let q be 17 + 0 - (-1 + 5). Calculate the greatest common factor of 143 and q.
13
Let j(v) = -3*v - 1. Let a be j(-2). Let w = 70 - 30. What is the greatest common factor of a and w?
5
Let f(x) = 4*x - 20. Let o be f(6). What is the greatest common divisor of 28 and o?
4
Suppose 5*q + 3*b + 0*b = 122, 20 = 5*b. Let k = 29 - q. What is the highest common factor of k and 77?
7
Suppose 105 = 2*n + 5*n. What is the highest common factor of n and 30?
15
Suppose -5*b = 15 + 5. Let q be ((-2)/6)/(b/132). What is the greatest common divisor of 22 and q?
11
Let s be (0 - 1)*1 + 22. Let m = -12 + s. Suppose m = 3*c + 3. What is the highest common factor of c and 5?
1
Let b = -3 + 9. Suppose 0*n + 192 = 16*n. Calculate the highest common divisor of b and n.
6
Suppose 4*l - 5*v - 8 = -0*v, 10 = 5*l + 3*v. Let c = 17 + -7. What is the highest common factor of c and l?
2
Suppose 4*u - 48 = 2*u. Let k = u + -4. What is the highest common factor of k and 8?
4
Let g = -141 - -221. Suppose 2*j = -4*q - 34, 4*q - 43 = 2*j + 3*j. Let w = 5 - j. What is the highest common factor of w and g?
16
Let g be (-272)/(-56) - (-1)/7. Calculate the greatest common divisor of 2 and g.
1
Let m = 142 + -70. What is the greatest common factor of 8 and m?
8
Let h(u) = u**3 - 4*u**2 - 4*u - 9. Let k be h(7). Let z = -186 + k. Let i = -20 - z. What is the highest common divisor of i and 14?
14
Suppose -3*f = -25 - 11. Let p be (f/36)/(2/72). Calculate the greatest common factor of p and 3.
3
Let k be -1 - (1 - -1 - 102). Let b(y) = y**2 + 4*y + 5. Let o be b(-4). Suppose 36 = o*p - p. What is the highest common factor of p and k?
9
Suppose 0 = -3*u + 3, 2*n = 3*n + u - 19. Let p = n - 9. Let o be (2/(-6))/((-3)/9). Calculate the highest common factor of o and p.
1
Suppose 5*n + 4*u = 559, -u = n - 100 - 12. Suppose n + 144 = 5*q. Suppose 0 = 3*v - 84 - q. Calculate the greatest common divisor of v and 15.
15
Suppose -2*f - 5*m - 30 = 0, 2*m + 32 = -4*f - 28. Let x be (-10)/f*(-1 - -19). Suppose 0 = -5*g + 85 + 5. What is the greatest common factor of g and x?
6
Suppose m + 2*m = 144. Let t be (-60)/2*(-36)/15. What is the highest common factor of m and t?
24
Let m be (-1 - 29)/(-3) + -2. Suppose 5*o - 3 + m = 0. Let a be o/1 + (-18)/(-6). What is the greatest common divisor of 14 and a?
2
Suppose 3*r = 4*f - 123, -6*r + 4*r - 93 = -3*f. Let i(a) = 2*a**2 + 3*a + 1. Let b be i(-2). Calculate the highest common divisor of b and f.
3
Suppose 4*b + 19 - 79 = 0. What is the greatest common divisor of b and 105?
15
Let f(t) be the third derivative of t**6/120 - t**5/6 + t**4/8 - 2*t**3 - 2*t**2. Let s be f(10). What is the highest common factor of s and 9?
9
Let u be (-2)/(-5) + 13/5. Let y be (-196)/(-70) - (-2)/10. Suppose 48 = u*x - 3*i, -4*i = x - 39 + y. Calculate the highest common factor of 100 and x.
20
Suppose 15 = 5*m - 4*m. Calculate the 